14?
1
What is the hundreds digit of 9499851?
8
What is the tens digit of 16007?
0
What is the hundreds digit of 45891?
8
What is the units digit of 192353?
3
What is the thousands digit of 742141?
2
What is the units digit of 241410?
0
What is the units digit of 800769?
9
What is the tens digit of 926733?
3
What is the hundred thousands digit of 365079?
3
What is the millions digit of 9013984?
9
What is the tens digit of 328997?
9
What is the ten thousands digit of 9344461?
4
What is the hundreds digit of 302531?
5
What is the ten millions digit of 37210398?
3
What is the thousands digit of 10313230?
3
What is the tens digit of 113003?
0
What is the hundred thousands digit of 510892?
5
What is the millions digit of 3288474?
3
What is the tens digit of 194413?
1
What is the hundreds digit of 199952?
9
What is the ten thousands digit of 1038689?
3
What is the ten thousands digit of 2108065?
0
What is the tens digit of 8822017?
1
What is the ten thousands digit of 183456?
8
What is the tens digit of 15491836?
3
What is the hundreds digit of 401505?
5
What is the tens digit of 3067981?
8
What is the hundreds digit of 1603375?
3
What is the hundred thousands digit of 1532970?
5
What is the ten thousands digit of 3028082?
2
What is the ten thousands digit of 9199154?
9
What is the ten thousands digit of 4052985?
5
What is the units digit of 1522285?
5
What is the thousands digit of 2058048?
8
What is the ten thousands digit of 145718?
4
What is the thousands digit of 3572?
3
What is the hundred thousands digit of 1413760?
4
What is the thousands digit of 936127?
6
What is the hundred thousands digit of 31278504?
2
What is the hundred thousands digit of 183829?
1
What is the ten thousands digit of 206241?
0
What is the hundred thousands digit of 14258583?
2
What is the tens digit of 2135252?
5
What is the hundred thousands digit of 556283?
5
What is the ten thousands digit of 259343?
5
What is the ten thousands digit of 328153?
2
What is the ten thousands digit of 232937?
3
What is the thousands digit of 232398?
2
What is the ten thousands digit of 394507?
9
What is the hundreds digit of 24506122?
1
What is the hundreds digit of 95333?
3
What is the units digit of 341248?
8
What is the hundred thousands digit of 2090696?
0
What is the hundreds digit of 3695336?
3
What is the hundred thousands digit of 20973619?
9
What is the hundreds digit of 748522?
5
What is the hundred thousands digit of 1117109?
1
What is the tens digit of 25432501?
0
What is the ten thousands digit of 59303?
5
What is the units digit of 1138729?
9
What is the hundred thousands digit of 18009677?
0
What is the hundreds digit of 2490010?
0
What is the ten thousands digit of 46291?
4
What is the millions digit of 1120239?
1
What is the hundred thousands digit of 103849?
1
What is the ten thousands digit of 8007006?
0
What is the hundreds digit of 1666918?
9
What is the hundred thousands digit of 2325172?
3
What is the units digit of 255979?
9
What is the tens digit of 287042?
4
What is the millions digit of 1949469?
1
What is the tens digit of 547525?
2
What is the units digit of 335095?
5
What is the units digit of 478145?
5
What is the units digit of 184626?
6
What is the tens digit of 631476?
7
What is the thousands digit of 115233?
5
What is the tens digit of 1728621?
2
What is the units digit of 4107518?
8
What is the ten thousands digit of 478083?
7
What is the millions digit of 2232495?
2
What is the ten millions digit of 29289155?
2
What is the thousands digit of 2972111?
2
What is the hundreds digit of 82323?
3
What is the thousands digit of 3749599?
9
What is the hundred thousands digit of 271262?
2
What is the hundred thousands digit of 3498583?
4
What is the ten millions digit of 19502870?
1
What is the hundred thousands digit of 8245216?
2
What is the hundreds digit of 3056368?
3
What is the thousands digit of 409235?
9
What is the thousands digit of 2211599?
1
What is the ten thousands digit of 73282?
7
What is the hundreds digit of 123949?
9
What is the units digit of 14332779?
9
What is the ten thousands digit of 6611544?
1
What is the units digit of 81506?
6
What is the tens digit of 172499?
9
What is the tens digit of 647151?
5
What is the units digit of 710866?
6
What is the hundreds digit of 306654?
6
What is the hundreds digit of 1098810?
8
What is the tens digit of 550920?
2
What is the ten thousands digit of 653234?
5
What is the units digit of 580081?
1
What is the ten thousands digit of 141797?
4
What is the hundreds digit of 247243?
2
What is the units digit of 45724?
4
What is the ten thousands digit of 212683?
1
What is the hundreds digit of 457473?
4
What is the hundreds digit of 20050307?
3
What is the hundreds digit of 760814?
8
What is the tens digit of 173971?
7
What is the units digit of 251668?
8
What is the ten thousands digit of 37585?
3
What is the hundreds digit of 426945?
9
What is the hundreds digit of 2933626?
6
What is the hundreds digit of 551443?
4
What is the millions digit of 4450396?
4
What is the ten thousands digit of 1369983?
6
What is the ten thousands digit of 507809?
0
What is the ten thousands digit of 9799236?
9
What is the millions digit of 8650728?
8
What is the units digit of 826785?
5
What is the hundred thousands digit of 703616?
7
What is the units digit of 1091629?
9
What is the hundred thousands digit of 978818?
9
What is the ten thousands digit of 698114?
9
What is the tens digit of 49077?
7
What is the thousands digit of 7836854?
6
What is the thousands digit of 2833736?
3
What is the thousands digit of 96931?
6
What is the tens digit of 11384715?
1
What is the ten thousands digit of 4562940?
6
What is the hundred thousands digit of 432200?
4
What is the ten thousands digit of 95180?
9
What is the ten thousands digit of 483231?
8
What is the thousands digit of 17195284?
5
What is the hundreds digit of 134419?
4
What is the hundred thousands digit of 11525991?
5
What is the units digit of 131085?
5
What is the thousands digit of 7189118?
9
What is the units digit of 308108?
8
What is the hundreds digit of 12394407?
4
What is the hundred thousands digit of 461872?
4
What is the hundred thousands digit of 568952?
5
What is the units digit of 3024487?
7
What is the hundreds digit of 4246681?
6
What is the ten thousands digit of 518497?
1
What is the units digit of 2487269?
9
What is the ten thousands digit of 315740?
1
What is the millions digit of 2270409?
2
What is the tens digit of 58810?
1
What is the units digit of 232453?
3
What is the tens digit of 10950?
5
What is the tens digit of 25720?
2
What is the ten thousands digit of 13410000?
1
What is the units digit of 177183?
3
What is the ten thousands digit of 2029941?
2
What is the ten thousands digit of 902601?
0
What is the ten thousands digit of 1214150?
1
What is the tens digit of 192887?
8
What is the units digit of 9232861?
1
What is the hundreds digit of 3377290?
2
What is the hundred thousands digit of 349428?
3
What is the units digit of 4322223?
3
What is the millions digit of 9447969?
9
What is the millions digit of 2301172?
2
What is the units digit of 329381?
1
What is the ten millions digit of 15846133?
1
What is the thousands digit of 56654?
6
What is the units digit of 9786116?
6
What is the hundreds digit of 19292950?
9
What is the thousands digit of 2402728?
2
What is the tens digit of 237311?
1
What is the ten thousands digit of 2333884?
3
What is the hundred thousands digit of 429550?
4
What is the hundred thousands digit of 7324177?
3
What is the units digit of 679041?
1
What is the thousands digit of 470489?
0
What is the tens digit of 409522?
2
What is the hundred thousands digit of 312533?
3
What is the hundreds digit of 16511290?
2
What is the hundreds digit of 221200?
2
What is the units digit of 1510553?
3
What is the hundred thousands digit of 1036040?
0
What is the units digit of 1498553?
3
What is the tens digit of 1520681?
8
What is the thousands digit of 99320?
9
What is the thousands digit of 244610?
4
What is the ten thousands digit of 61928?
6
What is the units digit of 893202?
2
What is the units digit of 476020?
0
What is the hundred thousands digit of 1373688?
3
What is the thousands digit of 631873?
1
What is the thousand